{"id":748,"date":"2024-01-26T11:26:40","date_gmt":"2024-01-26T11:26:40","guid":{"rendered":"https:\/\/lagris.eu\/?page_id=748"},"modified":"2024-01-26T11:35:21","modified_gmt":"2024-01-26T11:35:21","slug":"o_projektu","status":"publish","type":"page","link":"https:\/\/lagris.eu\/index.php\/o_projektu\/","title":{"rendered":"O projektu"},"content":{"rendered":"<p>[et_pb_section fb_built=&#8221;1&#8243; next_background_color=&#8221;#ffffff&#8221; _builder_version=&#8221;4.13.0&#8243; _module_preset=&#8221;default&#8221; background_color=&#8221;#76b878&#8243; bottom_divider_style=&#8221;mountains2&#8243; global_colors_info=&#8221;{}&#8221;][et_pb_row column_structure=&#8221;3_5,2_5&#8243; _builder_version=&#8221;4.13.0&#8243; _module_preset=&#8221;default&#8221; global_colors_info=&#8221;{}&#8221;][et_pb_column type=&#8221;3_5&#8243; _builder_version=&#8221;4.13.0&#8243; _module_preset=&#8221;default&#8221; global_colors_info=&#8221;{}&#8221;][et_pb_image src=&#8221;http:\/\/lagris.eu\/wp-content\/uploads\/2021\/11\/img-park-scaled.jpg&#8221; title_text=&#8221;img-park&#8221; _builder_version=&#8221;4.13.0&#8243; _module_preset=&#8221;default&#8221; animation_style=&#8221;fade&#8221; animation_duration=&#8221;1700ms&#8221; global_colors_info=&#8221;{}&#8221;][\/et_pb_image][\/et_pb_column][et_pb_column type=&#8221;2_5&#8243; _builder_version=&#8221;4.13.0&#8243; _module_preset=&#8221;default&#8221; global_colors_info=&#8221;{}&#8221;][et_pb_text _builder_version=&#8221;4.13.0&#8243; _module_preset=&#8221;default&#8221; width=&#8221;100%&#8221; global_colors_info=&#8221;{}&#8221;]<\/p>\n<p style=\"text-align: justify;\"><strong>\u00a0Strategie projektu<\/strong><\/p>\n<p style=\"text-align: justify;\"><span style=\"font-weight: 400;\">Projekt <\/span><span style=\"font-weight: 400;\">pr\u016fb\u011b\u017en\u011b <\/span><span style=\"font-weight: 400;\">vede <\/span><span style=\"font-weight: 400;\">d\u011bti\/\u017e\u00e1ky, u\u010ditele a rodi\u010de <\/span><span style=\"font-weight: 400;\">ke sledov\u00e1n\u00ed a hodnocen\u00ed vlastn\u00edho\u00a0 chov\u00e1n\u00ed i posuzov\u00e1n\u00ed chov\u00e1n\u00ed ostatn\u00edch osob v situac\u00edch,\u00a0 kter\u00e9 zpravidla prob\u00edhaly (nebo re\u00e1ln\u011b mohou prob\u00edhat) v jeho okol\u00ed.\u00a0<\/span><\/p>\n<p style=\"text-align: justify;\"><span style=\"font-weight: 400;\">Obsahem, formou zpracov\u00e1n\u00ed podklad\u016f i zp\u016fsobem organizace je z\u00e1bavn\u00fd, tj. motivuje\u00a0 k bezpe\u010dn\u00e9mu chov\u00e1n\u00ed \u2013 ve vztahu ke sv\u00e9 osob\u011b i k druh\u00fdm.<\/span><\/p>\n<p style=\"text-align: justify;\"><span style=\"font-weight: 400;\">P\u0159in\u00e1\u0161\u00ed p\u0159\u00edle\u017eitosti nau\u010dit se chovat bezpe\u010dn\u011b. Rozv\u00edj\u00ed kompetence d\u011bt\u00ed\/\u017e\u00e1k\u016f (pomoc\u00ed\u00a0 simulovan\u00fdch situac\u00ed) pot\u0159ebn\u00e9 k odpov\u011bdn\u00e9mu rozhodov\u00e1n\u00ed ve prosp\u011bch zdrav\u00ed a\u00a0 bezpe\u010d\u00ed v situac\u00edch, se kter\u00fdmi se d\u011bti\/\u017e\u00e1ci mohou setkat.<\/span><\/p>\n<p style=\"text-align: justify;\">[\/et_pb_text][\/et_pb_column][\/et_pb_row][\/et_pb_section][et_pb_section fb_built=&#8221;1&#8243; _builder_version=&#8221;4.13.0&#8243; _module_preset=&#8221;default&#8221; global_colors_info=&#8221;{}&#8221;][et_pb_row column_structure=&#8221;1_2,1_2&#8243; _builder_version=&#8221;4.13.0&#8243; _module_preset=&#8221;default&#8221; global_colors_info=&#8221;{}&#8221;][et_pb_column type=&#8221;1_2&#8243; _builder_version=&#8221;4.13.0&#8243; _module_preset=&#8221;default&#8221; global_colors_info=&#8221;{}&#8221;][et_pb_text _builder_version=&#8221;4.13.0&#8243; _module_preset=&#8221;default&#8221; global_colors_info=&#8221;{}&#8221;]<\/p>\n<p>&nbsp;<\/p>\n<p><b>P\u0159\u00ednos v\u00fdzkumu:<\/b><\/p>\n<p style=\"text-align: justify;\"><span style=\"font-weight: 400;\">Z\u00edsk\u00e1n\u00ed ucelen\u00e9 informace o <\/span><b>zku\u0161enostech<\/b><span style=\"font-weight: 400;\">, <\/span><b>pot\u0159eb\u00e1ch<\/b><span style=\"font-weight: 400;\"> a <\/span><b>postoj\u00edch<\/b> <b>rodi\u010d\u016f<\/b><span style=\"font-weight: 400;\"> a <\/span><b>pedagog\u016f<\/b><span style=\"font-weight: 400;\"> k dan\u00e9 problematice.<\/span><\/p>\n<p style=\"text-align: justify;\"><span style=\"font-weight: 400;\">Specifikace nov\u00fdch aktu\u00e1ln\u011b relevantn\u00edch vzd\u011bl\u00e1vac\u00edch t\u00e9mat, metod a prost\u0159edk\u016f v oblasti bezpe\u010dnosti a ochrany zdrav\u00ed.<\/span><\/p>\n<p style=\"text-align: justify;\">[\/et_pb_text][\/et_pb_column][et_pb_column type=&#8221;1_2&#8243; _builder_version=&#8221;4.13.0&#8243; _module_preset=&#8221;default&#8221; global_colors_info=&#8221;{}&#8221;][et_pb_image src=&#8221;http:\/\/lagris.eu\/wp-content\/uploads\/2021\/11\/img-ulice-scaled.jpg&#8221; title_text=&#8221;img-ulice&#8221; _builder_version=&#8221;4.13.0&#8243; _module_preset=&#8221;default&#8221; animation_style=&#8221;fade&#8221; animation_duration=&#8221;1800ms&#8221; global_colors_info=&#8221;{}&#8221;][\/et_pb_image][\/et_pb_column][\/et_pb_row][\/et_pb_section][et_pb_section fb_built=&#8221;1&#8243; prev_background_color=&#8221;#ffffff&#8221; _builder_version=&#8221;4.13.0&#8243; _module_preset=&#8221;default&#8221; background_color=&#8221;#f27263&#8243; top_divider_style=&#8221;arrow3&#8243; top_divider_height=&#8221;89px&#8221; global_colors_info=&#8221;{}&#8221;][et_pb_row column_structure=&#8221;1_2,1_2&#8243; _builder_version=&#8221;4.13.0&#8243; _module_preset=&#8221;default&#8221; global_colors_info=&#8221;{}&#8221;][et_pb_column type=&#8221;1_2&#8243; _builder_version=&#8221;4.13.0&#8243; _module_preset=&#8221;default&#8221; global_colors_info=&#8221;{}&#8221;][et_pb_image src=&#8221;http:\/\/lagris.eu\/wp-content\/uploads\/2021\/11\/img-domacnost-scaled.jpg&#8221; title_text=&#8221;img-domacnost&#8221; _builder_version=&#8221;4.13.0&#8243; _module_preset=&#8221;default&#8221; animation_style=&#8221;fade&#8221; animation_duration=&#8221;1700ms&#8221; global_colors_info=&#8221;{}&#8221;][\/et_pb_image][\/et_pb_column][et_pb_column type=&#8221;1_2&#8243; _builder_version=&#8221;4.13.0&#8243; _module_preset=&#8221;default&#8221; global_colors_info=&#8221;{}&#8221;][et_pb_text _builder_version=&#8221;4.13.0&#8243; _module_preset=&#8221;default&#8221; global_colors_info=&#8221;{}&#8221;]<\/p>\n<p><b>V\u00fdzkumn\u00e9 c\u00edle projektu<\/b><\/p>\n<p style=\"text-align: justify;\"><span style=\"font-weight: 400;\">Zmapovat st\u00e1vaj\u00edc\u00ed p\u0159\u00edstupy aplikovan\u00e9 v na\u0161\u00ed spole\u010dnosti pro <\/span><b>prevenci \u00faraz\u016f d\u011bt\u00ed<\/b><span style=\"font-weight: 400;\"> a <\/span><b>po\u0161kozen\u00ed jejich zdrav\u00ed <\/b><span style=\"font-weight: 400;\">v d\u016fsledku p\u016fsoben\u00ed ergonomick\u00fdch rizik (ve \u0161kole, rodin\u011b, pr\u00e1ci s PC atd.), resp. <\/span><b>v\u00fdchovu k\u00a0bezpe\u010dn\u00e9mu chov\u00e1n\u00ed a v\u00fdchovu ke zdrav\u00ed<\/b><span style=\"font-weight: 400;\">.\u00a0<\/span><\/p>\n<p style=\"text-align: justify;\"><span style=\"font-weight: 400;\">Z\u00e1m\u011brem je jednak zjistit, kter\u00e9 rizikov\u00e9 situace d\u011bti v dan\u00e9m v\u011bku dok\u00e1\u017eou \u010di nedok\u00e1\u017eou vyhodnotit jako rizikov\u00e9 a jednak porovnat p\u0159\u00edstup mlad\u0161\u00ed a star\u0161\u00ed skupiny d\u011bt\u00ed.\u00a0\u00a0<\/span><\/p>\n<p style=\"text-align: justify;\"><span style=\"font-weight: 400;\">V\u00fdzkum se d\u00edl\u010d\u00edm zp\u016fsobem zam\u011b\u0159il i na problematiku <strong>soci\u00e1ln\u00edch rizik<\/strong> nebo rizik spojen\u00fdch s pobytem v <strong>kyberprostoru<\/strong>. Toto jsou zcela specifick\u00e9 probl\u00e9my, kter\u00e9 se je\u0161t\u011b v\u00edce projevily v dob\u011b pandemie <strong>covid-19<\/strong>.<\/span><\/p>\n<p style=\"text-align: justify;\">Z\u00edskat ucelen\u00e9 informace o <strong>zku\u0161enostech<\/strong>, <strong>pot\u0159eb\u00e1ch<\/strong> a <strong>postoj\u00edch<\/strong> rodi\u010d\u016f a pedagog\u016f k dan\u00e9 problematice. Pl\u00e1novan\u00fdmi v\u00fdstupy projektu jsou souhrnn\u00e1 v\u00fdzkumn\u00e1 zpr\u00e1va, komplexn\u00ed eduka\u010dn\u00ed materi\u00e1ly ur\u010den\u00e9 pro aktivn\u00ed pr\u00e1ci s d\u011btmi, jak\u00fdmi jsou <strong>soubor eduka\u010dn\u00edch materi\u00e1l\u016f<\/strong>, <strong>metodick\u00e9 materi\u00e1ly pro u\u010ditele M\u0160<\/strong> a <strong>prvn\u00edho stupn\u011b Z\u0160<\/strong> a <strong>rodi\u010de<\/strong>. Dal\u0161\u00edmi v\u00fdstupy jsou <strong>workshopy<\/strong>, <strong>webov\u00e1 str\u00e1nka<\/strong> a <strong>odborn\u00e9 publikace<\/strong> v t\u00e9to tematick\u00e9 oblasti. \u00da\u010delem pl\u00e1novan\u00fdch v\u00fdstup\u016f je umo\u017enit \u0161\u00ed\u0159en\u00ed ucelen\u00fdch poznatk\u016f o bezpe\u010dnosti a ochran\u011b zdrav\u00ed sm\u011brem k d\u011btem, rodi\u010d\u016fm a u\u010ditel\u016fm.<\/p>\n<p style=\"text-align: justify;\"><a href=\"http:\/\/lagris.eu\/wp-content\/uploads\/2022\/01\/Harmonogram-a-postup-reseni.docx\" rel=\"attachment wp-att-380\">Harmonogram a postup \u0159e\u0161en\u00ed<\/a><\/p>\n<p style=\"text-align: justify;\">[\/et_pb_text][\/et_pb_column][\/et_pb_row][\/et_pb_section][et_pb_section fb_built=&#8221;1&#8243; theme_builder_area=&#8221;post_content&#8221; _builder_version=&#8221;4.13.0&#8243; _module_preset=&#8221;default&#8221;][et_pb_row _builder_version=&#8221;4.13.0&#8243; _module_preset=&#8221;default&#8221; theme_builder_area=&#8221;post_content&#8221;][et_pb_column _builder_version=&#8221;4.13.0&#8243; _module_preset=&#8221;default&#8221; type=&#8221;4_4&#8243; theme_builder_area=&#8221;post_content&#8221;][et_pb_text _builder_version=&#8221;4.13.0&#8243; _module_preset=&#8221;default&#8221; theme_builder_area=&#8221;post_content&#8221; hover_enabled=&#8221;0&#8243; sticky_enabled=&#8221;0&#8243;]<\/p>\n<p><strong>V\u00fdzkumn\u00fd projekt TL03000213 \u201eAnal\u00fdza a podpora rozvoje kompetenc\u00ed d\u011bt\u00ed v oblasti bezpe\u010dnosti a ochrany zdrav\u00ed\u201c (LAGRIS) je spolufinancov\u00e1n Technologickou agenturou \u010cesk\u00e9 republiky.<\/strong><\/p>\n<p>[\/et_pb_text][\/et_pb_column][\/et_pb_row][\/et_pb_section]<\/p>\n","protected":false},"excerpt":{"rendered":"<p>\u00a0Strategie projektu Projekt pr\u016fb\u011b\u017en\u011b vede d\u011bti\/\u017e\u00e1ky, u\u010ditele a rodi\u010de ke sledov\u00e1n\u00ed a hodnocen\u00ed vlastn\u00edho\u00a0 chov\u00e1n\u00ed i posuzov\u00e1n\u00ed chov\u00e1n\u00ed ostatn\u00edch osob v situac\u00edch,\u00a0 kter\u00e9 zpravidla prob\u00edhaly (nebo re\u00e1ln\u011b mohou prob\u00edhat) v jeho okol\u00ed.\u00a0 Obsahem, formou zpracov\u00e1n\u00ed podklad\u016f i zp\u016fsobem organizace je z\u00e1bavn\u00fd, tj. motivuje\u00a0 k bezpe\u010dn\u00e9mu chov\u00e1n\u00ed \u2013 ve vztahu ke sv\u00e9 osob\u011b i k druh\u00fdm. [&hellip;]<\/p>\n","protected":false},"author":1,"featured_media":0,"parent":0,"menu_order":0,"comment_status":"closed","ping_status":"closed","template":"","meta":{"_et_pb_use_builder":"on","_et_pb_old_content":"","_et_gb_content_width":"","footnotes":""},"_links":{"self":[{"href":"https:\/\/lagris.eu\/index.php\/wp-json\/wp\/v2\/pages\/748"}],"collection":[{"href":"https:\/\/lagris.eu\/index.php\/wp-json\/wp\/v2\/pages"}],"about":[{"href":"https:\/\/lagris.eu\/index.php\/wp-json\/wp\/v2\/types\/page"}],"author":[{"embeddable":true,"href":"https:\/\/lagris.eu\/index.php\/wp-json\/wp\/v2\/users\/1"}],"replies":[{"embeddable":true,"href":"https:\/\/lagris.eu\/index.php\/wp-json\/wp\/v2\/comments?post=748"}],"version-history":[{"count":3,"href":"https:\/\/lagris.eu\/index.php\/wp-json\/wp\/v2\/pages\/748\/revisions"}],"predecessor-version":[{"id":757,"href":"https:\/\/lagris.eu\/index.php\/wp-json\/wp\/v2\/pages\/748\/revisions\/757"}],"wp:attachment":[{"href":"https:\/\/lagris.eu\/index.php\/wp-json\/wp\/v2\/media?parent=748"}],"curies":[{"name":"wp","href":"https:\/\/api.w.org\/{rel}","templated":true}]}}